4 - -4*5/(-10). What are the prime factors of (0 - -1) + r + 2?
5
Let a = -78 - -115. Suppose -3*y + 123 = 3*p, y + 5*p - a = 2*p. List the prime factors of y.
43
Let c = -19 - -19. Suppose c*k + 4*h + 148 = 3*k, 0 = 5*k - h - 258. What are the prime factors of k?
2, 13
Let t(n) = 78*n**2 - 6*n. Let i(z) = 77*z**2 - 6*z - 1. Let x(h) = -5*i(h) + 6*t(h). List the prime factors of x(1).
2, 41
Let s be 2/(-4) - ((-231)/2 - 11). Let u(r) = -35*r - 1. Let k be u(2). Let y = k + s. What are the prime factors of y?
5, 11
Suppose 0 = 2*p + g - 953, -4*p - 4*g + 1901 = -7*g. List the prime factors of p.
2, 7, 17
Suppose l - 2 = 0, -6*l + 2*l = -4*d + 8. Suppose j - 50 = -4*g, -d*j + 5*g + 0*g + 179 = 0. What are the prime factors of j?
2, 23
Suppose -2657 = -10*m - 437. Suppose -6*r - m + 696 = 0. What are the prime factors of r?
79
Suppose -a + 6*h = h - 342, h = 0. List the prime factors of a.
2, 3, 19
Let x be (26/(-5))/(2/(-5)). Suppose -5*c - 3*k = -0 - 22, -2*k + x = 3*c. What are the prime factors of c?
5
Let u be (-2 - -2)/1 + 2. Suppose -7 = -a + u*p, -5*p + 6 - 30 = 4*a. List the prime factors of a + 2 + (46 - -3).
2, 5
Let f(g) be the first derivative of 5*g**2 + 6*g - 1/4*g**4 + 1 + 7/3*g**3. What are the prime factors of f(8)?
2, 11
Let c = 2784 + 753. List the prime factors of c.
3, 131
Let v = 40 + -29. Let i(b) = 7*b + 23. What are the prime factors of i(v)?
2, 5
Let r be 4/(-6) - (-44760)/72. Let a = -317 + r. List the prime factors of a.
2, 19
Let c be (-1)/3 + (-7)/(-3). Suppose 5*g - 13 - c = 0. List the prime factors of g.
3
Let g(p) = p**2 + 2*p - 3. Let l be g(2). Let y be (-4)/(-12) + l/3. Suppose y*j - 48 = -0*j. List the prime factors of j.
2, 3
Suppose 2*z - 32 = -2*z. Suppose -z*l + 4*l = 0. Suppose 5*v = 3*p - 25, l = -p - 4*v + 4 + 10. What are the prime factors of p?
2, 5
Suppose 17015 = 36*x - 36409. List the prime factors of x.
2, 7, 53
Let f(r) = -r**2 + 6*r - 4. Let s be f(4). What are the prime factors of s/(-3)*1023/(-22)?
2, 31
Suppose -10070 = -24*x + 10378. List the prime factors of x.
2, 3, 71
Suppose 3*d + 9 = 0, 0*d - 114 = -4*i + 2*d. Suppose 2*m - 3*m = -i. Let r = m + 0. What are the prime factors of r?
3
What are the prime factors of (460/(-8) - (-9)/(-6))*-3?
3, 59
Suppose -2*h + 7944 = 4*h. List the prime factors of h.
2, 331
Suppose c = g - 6*g + 32, -16 = -g - 5*c. What are the prime factors of (-125 + 6)/((-3)/g)?
2, 7, 17
Let a(q) = -q - 2. Let w be a(-7). Suppose w*s - 79 = 196. List the prime factors of (52/5)/(22/s).
2, 13
Let j(i) = 368*i + 391*i + i**2 - 732*i + 65. List the prime factors of j(-28).
3, 31
Let o(l) = -29 - 5*l + 2*l**2 - 7*l - 8*l + 15. What are the prime factors of o(16)?
2, 89
Let o = -10 + 10. Suppose 0 = -z - 4*m - 6, -3*m + o + 81 = -4*z. What are the prime factors of z/12 + 86/4?
2, 5
Suppose 2*v - z = 204, -8*v - z + 524 = -3*v. Let j(b) = -b - 7. Let w be j(-10). Suppose v = w*c - 58. List the prime factors of c.
2, 3
Suppose 0 = 5*g + 5*f + 5, -g + 3*f = 5*f - 1. Let l(d) = -2*d**3 + d**2 - 2*d + 4. What are the prime factors of l(g)?
73
Let x(s) = s**3 - 28*s**2 - 20*s - 139. What are the prime factors of x(30)?
1061
Suppose 6*t + 85 = 325. What are the prime factors of 440*(4/t)/(3/12)?
2, 11
What are the prime factors of 23/69 - 1246/(-6)?
2, 13
Suppose 6*b - 10*b - 3*x = -5490, -4117 = -3*b - 2*x. List the prime factors of b.
3, 457
Suppose -2296 = -2*z + 1828. What are the prime factors of z?
2, 1031
Suppose 43 = i - 17. Suppose 0 = -6*f + 1002 - i. List the prime factors of f.
157
Suppose -7*r + 502 = 1349. Let m = r + 81. List the prime factors of ((-90)/(-24))/((-3)/m).
2, 5
Let p(a) = a**3 + a**2 - 2*a + 3. Let g be p(0). Suppose -14 = -g*k + 139. What are the prime factors of k?
3, 17
Suppose -4*l + 4 = 0, 0 = -0*d + 4*d + 3*l - 267. Let y = 17 + d. What are the prime factors of y?
83
Suppose 5*h - t = 9114, -2*t + 2611 = h + 797. List the prime factors of h.
2, 911
Suppose 72076 = 29*h + 16251. What are the prime factors of h?
5, 7, 11
Let p(c) = 309*c**2 - 23*c + 43. List the prime factors of p(2).
3, 137
Let i(b) = 18*b - 45. List the prime factors of i(20).
3, 5, 7
Suppose 7*l - 5771 - 270 = 0. What are the prime factors of l?
863
Suppose -8*o + 3*o - 75 = 0. Let u = o + 21. Suppose 46 + u = 4*i. What are the prime factors of i?
13
Let o(f) = f**3 - 7*f**2 + 6*f + 4. Let g be o(6). Suppose 2*n - 3*l - 332 = -l, -20 = g*l. List the prime factors of n.
7, 23
Let p be -4 - (-31)/8 - (-1394)/16. Let y = p + -12. List the prime factors of y.
3, 5
Suppose 33*z - 29*z + 4*m = 252, 4*m - 317 = -5*z. List the prime factors of z.
5, 13
Suppose -20 = -5*s, 5*h + s + 2*s = 2122. What are the prime factors of h?
2, 211
Suppose 8*x + 9 = 7*x. Let h be (-2 + 1 + 2)*x. Let d = 16 + h. What are the prime factors of d?
7
Suppose -3358 = -4*o + 5*v, -2*v + v = -2. List the prime factors of o.
2, 421
Let c be 1/(-3)*(-15 - 0). Let l(n) = n - 3. Let u be l(c). Suppose -16 + u = -g. What are the prime factors of g?
2, 7
Suppose 0 = 13*g - 7*g - 42. Let c(r) = 3*r**3 - 2*r**3 - 6*r + 0*r**3 + 9 - 6*r**2. What are the prime factors of c(g)?
2
Suppose 2*v + 694 = -5*f, 5*f + 876 = 3*v + 167. Let l = f + 319. List the prime factors of l.
179
Let g(b) = 1802*b - 18. What are the prime factors of g(3)?
2, 3, 449
Suppose k + 9 - 11 = 0. Suppose 2*n = 5*c + 16, -k*n = -2*c + c. What are the prime factors of ((-2)/c)/((-1)/(-58))?
29
Suppose 2*r - 931 = -5*g + 2*g, r - 433 = 5*g. What are the prime factors of r?
2, 229
Let u be (-1*1)/((-2)/(-284)). Let i be (9*18/4)/(4/(-8)). Let q = i - u. What are the prime factors of q?
61
Let d = -5 + 3. Let p be 112/(-5) - 4/(-10). What are the prime factors of (2 - 1)/(d/p)?
11
Let r = 515 + -1037. List the prime factors of 8/10 + r/(-10).
53
Suppose -4*q + 8*q = 20, 0 = p - 5*q + 31. Let x be 229/7 - p/21. Suppose -h + 6*h - 135 = 4*o, 0 = -h + 2*o + x. What are the prime factors of h?
23
Suppose p - 4*u = -14, 0 = p - 4*u + 2*u + 4. What are the prime factors of ((-3)/p)/(6/(-1596))?
7, 19
Let k be ((-6)/2)/3 + 1 + -21. Let l = k - -45. What are the prime factors of l?
2, 3
Let o be 0 + -1*(4 - 8). What are the prime factors of (9/3)/(o/84)?
3, 7
Let y be -2*2/8*-10. Suppose r - 4*z - 3 = 0, -z + 17 + 61 = y*r. What are the prime factors of r?
3, 5
Suppose 4 = -2*y, -y = -g + y - 9. Let l(m) = m**3 + 13*m**2 - m - 10. List the prime factors of l(g).
3
Suppose 16*o = 18*o - 8. Suppose -5*f - 3*k = -135 - 16, -66 = -2*f - o*k. What are the prime factors of f?
29
Suppose 0 = -5*q + 2*o + 701, -q + 58 = 4*o - 91. What are the prime factors of q?
3, 47
Suppose -p = -355 - 832. List the prime factors of p.
1187
Let i be 7/(7/3) + 477. Suppose -2*y + i = 4*y. Suppose -23*o + y = -19*o. What are the prime factors of o?
2, 5
Let n(p) = -p**3 - p**2 + p + 5. Let j be n(0). Suppose 0 = -5*v + 15 - j. Suppose -24 = -4*m + v*m. List the prime factors of m.
2, 3
Suppose 82*k - 31768 = 38*k. List the prime factors of k.
2, 19
Suppose 3*b + 14 = -5*h, -b + 2*b = -3*h - 6. Let s = 11 + b. What are the prime factors of -16*6*s/(-12)?
2
Let l(y) = -4*y**3 - y**2 + 2*y + 1. Let t(o) = -o**3 - 5*o**2 - 5*o - 6. Let n be t(-4). List the prime factors of l(n).
5
Let o = -16 + 18. Suppose 282 = o*d - 0*d. What are the prime factors of d?
3, 47
Suppose -q = 4*q + 2*y - 15, -y = 5*q - 20. Suppose 0*s = 2*s - 10, q*p - 5*s = 295. Suppose -6*j = -p - 2. What are the prime factors of j?
11
Let l be (8 - 3)*1/1. What are the prime factors of 7 + (8 - (l - 1))?
11
Suppose -2*f = -4*f. Let d(c) = -c**2 - c + 25. List the prime factors of d(f).
5
List the prime factors of -1282*2/(-12) + (-72)/108.
3, 71
Let c(x) = x**2 - 10*x + 23. Let w be c(7). Suppose w*i + 49 + 1261 = 5*y, 0 = -4*y + 5*i + 1031. What are the prime factors of y?
2, 3, 11
Suppose 7*v - 8*v + 677 = -r, -4*r + 3349 = 5*v. List the prime factors of v.
673
Suppose 5 = y - 0. Suppose 600 = y*f + 205. Let a = f - 43. What are the prime factors of a?
2, 3
Let f(m) = m**3 - 11*m**2 - 13*m + 16. Let d be f(12). Suppose d*i - 10 = 22. Suppose -2*r + i*r = 354. List the prime factors of r.
59
List the prime factors of (-11)/(220/(-15225)) + (-3)/(-4).
2, 3, 127
Let m(r) = r**3 - 9*r**2 + 22*r - 1. List the prime f